{"id":113,"date":"2021-05-03T13:29:33","date_gmt":"2021-05-03T13:29:33","guid":{"rendered":"https:\/\/tiappsolutions.com\/index.php\/about\/"},"modified":"2023-08-25T23:21:31","modified_gmt":"2023-08-25T23:21:31","slug":"about","status":"publish","type":"page","link":"https:\/\/tiappsolutions.com\/index.php\/about\/","title":{"rendered":"About"},"content":{"rendered":"<style>\/*! elementor - v3.13.0 - 04-05-2023 *\/\n.elementor-widget-divider{--divider-border-style:none;--divider-border-width:1px;--divider-color:#0c0d0e;--divider-icon-size:20px;--divider-element-spacing:10px;--divider-pattern-height:24px;--divider-pattern-size:20px;--divider-pattern-url:none;--divider-pattern-repeat:repeat-x}.elementor-widget-divider .elementor-divider{display:flex}.elementor-widget-divider .elementor-divider__text{font-size:15px;line-height:1;max-width:95%}.elementor-widget-divider .elementor-divider__element{margin:0 var(--divider-element-spacing);flex-shrink:0}.elementor-widget-divider .elementor-icon{font-size:var(--divider-icon-size)}.elementor-widget-divider .elementor-divider-separator{display:flex;margin:0;direction:ltr}.elementor-widget-divider--view-line_icon .elementor-divider-separator,.elementor-widget-divider--view-line_text .elementor-divider-separator{align-items:center}.elementor-widget-divider--view-line_icon .elementor-divider-separator:after,.elementor-widget-divider--view-line_icon .elementor-divider-separator:before,.elementor-widget-divider--view-line_text .elementor-divider-separator:after,.elementor-widget-divider--view-line_text .elementor-divider-separator:before{display:block;content:\"\";border-bottom:0;flex-grow:1;border-top:var(--divider-border-width) var(--divider-border-style) var(--divider-color)}.elementor-widget-divider--element-align-left .elementor-divider .elementor-divider-separator>.elementor-divider__svg:first-of-type{flex-grow:0;flex-shrink:100}.elementor-widget-divider--element-align-left .elementor-divider-separator:before{content:none}.elementor-widget-divider--element-align-left .elementor-divider__element{margin-left:0}.elementor-widget-divider--element-align-right .elementor-divider .elementor-divider-separator>.elementor-divider__svg:last-of-type{flex-grow:0;flex-shrink:100}.elementor-widget-divider--element-align-right .elementor-divider-separator:after{content:none}.elementor-widget-divider--element-align-right .elementor-divider__element{margin-right:0}.elementor-widget-divider:not(.elementor-widget-divider--view-line_text):not(.elementor-widget-divider--view-line_icon) .elementor-divider-separator{border-top:var(--divider-border-width) var(--divider-border-style) var(--divider-color)}.elementor-widget-divider--separator-type-pattern{--divider-border-style:none}.elementor-widget-divider--separator-type-pattern.elementor-widget-divider--view-line .elementor-divider-separator,.elementor-widget-divider--separator-type-pattern:not(.elementor-widget-divider--view-line) .elementor-divider-separator:after,.elementor-widget-divider--separator-type-pattern:not(.elementor-widget-divider--view-line) .elementor-divider-separator:before,.elementor-widget-divider--separator-type-pattern:not([class*=elementor-widget-divider--view]) .elementor-divider-separator{width:100%;min-height:var(--divider-pattern-height);-webkit-mask-size:var(--divider-pattern-size) 100%;mask-size:var(--divider-pattern-size) 100%;-webkit-mask-repeat:var(--divider-pattern-repeat);mask-repeat:var(--divider-pattern-repeat);background-color:var(--divider-color);-webkit-mask-image:var(--divider-pattern-url);mask-image:var(--divider-pattern-url)}.elementor-widget-divider--no-spacing{--divider-pattern-size:auto}.elementor-widget-divider--bg-round{--divider-pattern-repeat:round}.rtl .elementor-widget-divider .elementor-divider__text{direction:rtl}.e-con-inner>.elementor-widget-divider,.e-con>.elementor-widget-divider{width:var(--container-widget-width,100%);--flex-grow:var(--container-widget-flex-grow)}<\/style>\n<style>\/*! elementor - v3.13.0 - 04-05-2023 *\/\n.elementor-heading-title{padding:0;margin:0;line-height:1}.elementor-widget-heading .elementor-heading-title[class*=elementor-size-]>a{color:inherit;font-size:inherit;line-height:inherit}.elementor-widget-heading .elementor-heading-title.elementor-size-small{font-size:15px}.elementor-widget-heading .elementor-heading-title.elementor-size-medium{font-size:19px}.elementor-widget-heading .elementor-heading-title.elementor-size-large{font-size:29px}.elementor-widget-heading .elementor-heading-title.elementor-size-xl{font-size:39px}.elementor-widget-heading .elementor-heading-title.elementor-size-xxl{font-size:59px}<\/style>\n<h1>Nosotros<\/h1>\n<style>\/*! elementor - v3.13.0 - 04-05-2023 *\/\n.elementor-widget-image{text-align:center}.elementor-widget-image a{display:inline-block}.elementor-widget-image a img[src$=\".svg\"]{width:48px}.elementor-widget-image img{vertical-align:middle;display:inline-block}<\/style>\n<p>\t\t\t\t\t\t\t\t\t\t\t\t<img decoding=\"async\" width=\"600\" height=\"720\" src=\"http:\/\/tiappsolutions.com\/wp-content\/uploads\/2021\/05\/about.jpg\" alt=\"\" loading=\"lazy\" \/>\t\t\t\t\t\t\t\t\t\t\t\t\t\t\t<\/p>\n<p>Somos una empresa mexicana, con amplia experiencia implantando soluciones de tecnolog\u00eda, comprometida en proveer soluciones que apoyen a solventar las problem\u00e1ticas que enfrentan las organizaciones<\/p>\n<h5>Objetivo<\/h5>\n<link rel=\"stylesheet\" href=\"https:\/\/tiappsolutions.com\/wp-content\/plugins\/elementor\/assets\/css\/widget-icon-list.min.css\">\n<ul>\n<li>\n\t\t\t\t\t\t\t<svg aria-hidden=\"true\" viewBox=\"0 0 448 512\" xmlns=\"http:\/\/www.w3.org\/2000\/svg\"><path d=\"M416 208H32c-17.67 0-32 14.33-32 32v32c0 17.67 14.33 32 32 32h384c17.67 0 32-14.33 32-32v-32c0-17.67-14.33-32-32-32z\"><\/path><\/svg><br \/>\n\t\t\t\t\t\t\t\t\t\tCompartir con nuestros clientes los conocimientos y habilidades que permitan tener un proceso de crecimiento y mejora continua en todo el ciclo de vida de desarrollo de software .\n\t\t\t\t\t\t\t\t\t<\/li>\n<\/ul>\n<h5>Misi\u00f3n<\/h5>\n<ul>\n<li>\n\t\t\t\t\t\t\t<svg aria-hidden=\"true\" viewBox=\"0 0 448 512\" xmlns=\"http:\/\/www.w3.org\/2000\/svg\"><path d=\"M416 208H32c-17.67 0-32 14.33-32 32v32c0 17.67 14.33 32 32 32h384c17.67 0 32-14.33 32-32v-32c0-17.67-14.33-32-32-32z\"><\/path><\/svg><br \/>\n\t\t\t\t\t\t\t\t\t\tContinuar siendo el apoyo tecnol\u00f3gico para nuestros clientes y brindarles los conocimientos, habilidades y experiencias que ayuden a identificar y resolver las necesidades a trav\u00e9s de la integraci\u00f3n de profesionales, metodolog\u00edas y tecnolog\u00edas aplicadas.\n\t\t\t\t\t\t\t\t\t<\/li>\n<\/ul>\n<style>\/*! elementor - v3.13.0 - 04-05-2023 *\/\n.elementor-widget-image-box .elementor-image-box-content{width:100%}@media (min-width:768px){.elementor-widget-image-box.elementor-position-left .elementor-image-box-wrapper,.elementor-widget-image-box.elementor-position-right .elementor-image-box-wrapper{display:flex}.elementor-widget-image-box.elementor-position-right .elementor-image-box-wrapper{text-align:right;flex-direction:row-reverse}.elementor-widget-image-box.elementor-position-left .elementor-image-box-wrapper{text-align:left;flex-direction:row}.elementor-widget-image-box.elementor-position-top .elementor-image-box-img{margin:auto}.elementor-widget-image-box.elementor-vertical-align-top .elementor-image-box-wrapper{align-items:flex-start}.elementor-widget-image-box.elementor-vertical-align-middle .elementor-image-box-wrapper{align-items:center}.elementor-widget-image-box.elementor-vertical-align-bottom .elementor-image-box-wrapper{align-items:flex-end}}@media (max-width:767px){.elementor-widget-image-box .elementor-image-box-img{margin-left:auto!important;margin-right:auto!important;margin-bottom:15px}}.elementor-widget-image-box .elementor-image-box-img{display:inline-block}.elementor-widget-image-box .elementor-image-box-title a{color:inherit}.elementor-widget-image-box .elementor-image-box-wrapper{text-align:center}.elementor-widget-image-box .elementor-image-box-description{margin:0}<\/style>\n<h3>Visi\u00f3n<\/h3>\n<p>Ser una referente de empresa que provea servicios y soluciones tecnol\u00f3gicas de calidad con el mejor costo beneficio, adapt\u00e1ndonos al cambio tecnol\u00f3gico emergente ya que somos una empresa que se adapta f\u00e1cilmente al cambio y nas necesidades de nuestros clientes <\/p>\n<p>\t\t\t<a href=\"https:\/\/tiappsolutions.com\/index.php\/contact\/\" role=\"button\"><br \/>\n\t\t\t\t<svg aria-hidden=\"true\" viewBox=\"0 0 448 512\" xmlns=\"http:\/\/www.w3.org\/2000\/svg\"><path d=\"M190.5 66.9l22.2-22.2c9.4-9.4 24.6-9.4 33.9 0L441 239c9.4 9.4 9.4 24.6 0 33.9L246.6 467.3c-9.4 9.4-24.6 9.4-33.9 0l-22.2-22.2c-9.5-9.5-9.3-25 .4-34.3L311.4 296H24c-13.3 0-24-10.7-24-24v-32c0-13.3 10.7-24 24-24h287.4L190.9 101.2c-9.8-9.3-10-24.8-.4-34.3z\"><\/path><\/svg><br \/>\n\t\t\t\t\t\t\u00a1Con\u00e9ctate con nosotros!<br \/>\n\t\t\t\t\t<\/a><br \/>\n\t\t\t\t\t\t\t\t\t\t\t\t\t\t\t<img decoding=\"async\" width=\"775\" height=\"547\" src=\"http:\/\/tiappsolutions.com\/wp-content\/uploads\/2021\/05\/cta-img.jpg\" alt=\"\" loading=\"lazy\" \/>\t\t\t\t\t\t\t\t\t\t\t\t\t\t\t<\/p>\n<h2>Construyamos juntos un negocio floreciente<\/h2>\n<p>Nuestros valores con los que nos impulsamos diariamente son:<\/p>\n<p><strong>Trabajo en equipo:<\/strong>\u00a0Promoviendo y apoyando un equipo homog\u00e9neo, polivalente e interdepartamental.<\/p>\n<p><strong>Transparencia:<\/strong> La implicaci\u00f3n y compromiso del personal no ser\u00eda posible sin una absoluta transparencia en los procesos, disponiendo el personal de la m\u00e1xima informaci\u00f3n de la empresa.<\/p>\n<p><strong>Modelo de direcci\u00f3n participativo:<\/strong> El personal de la empresa asume responsabilidades y participa en el proceso de toma de decisiones.<\/p>\n<p><strong>Formaci\u00f3n:<\/strong>\u00a0La empresa se preocupa de la formaci\u00f3n continua en todos los \u00e1mbitos.<\/p>\n<p><strong>Innovaci\u00f3n y mejora continua:\u00a0<\/strong>Nos damos cuenta de la importancia de mirar hacia el futuro, por tanto ofrecemos lo mas reciente del mercado para dar un apoyo y servicio \u00f3ptimo a nuestros clientes.\u200b\u200b\u200b<\/p>\n<p>\t\t\t\t\t\t\t<a aria-label=\"profile\" href=\"javascript:void(0)\" data-mfp-src=\"#ekit_team_modal_3d6f803\"><br \/>\n\t\t\t\t\t<img decoding=\"async\" width=\"927\" height=\"1024\" src=\"http:\/\/tiappsolutions.com\/wp-content\/uploads\/2023\/08\/IMG_20181214_124750425-scaled-e1693005564347-927x1024.jpg\" alt=\"\" loading=\"lazy\" \/>\t\t\t\t<!-- .profile-header END --><br \/>\n\t\t\t\t\t\t\t<\/a><\/p>\n<h2>\n\t\t\t\t\t\t\t\t\t\t\t<a aria-label=\"profile\" href=\"javascript:void(0)\" data-mfp-src=\"#ekit_team_modal_3d6f803\"><br \/>\n\t\t\t\t\t\tI. S. I. Eddiee Even Gonzalez Ramirez\t\t\t\t\t\t<\/a><br \/>\n\t\t\t\t\t\t\t\t\t\t\t<\/h2>\n<p>Socio Fundador<\/p>\n<p>\t\t\t\t\t\t\t\t\t<!-- .profile-body END --><br \/>\n\t\t\t\t\t\t<button type=\"button\"><br \/>\n\t\t\t\t\t\t\t<svg aria-hidden=\"true\" viewBox=\"0 0 352 512\" xmlns=\"http:\/\/www.w3.org\/2000\/svg\"><path d=\"M242.72 256l100.07-100.07c12.28-12.28 12.28-32.19 0-44.48l-22.24-22.24c-12.28-12.28-32.19-12.28-44.48 0L176 189.28 75.93 89.21c-12.28-12.28-32.19-12.28-44.48 0L9.21 111.45c-12.28 12.28-12.28 32.19 0 44.48L109.28 256 9.21 356.07c-12.28 12.28-12.28 32.19 0 44.48l22.24 22.24c12.28 12.28 32.2 12.28 44.48 0L176 322.72l100.07 100.07c12.28 12.28 32.2 12.28 44.48 0l22.24-22.24c12.28-12.28 12.28-32.19 0-44.48L242.72 256z\"><\/path><\/svg>\t\t\t\t\t\t<\/button><br \/>\n\t\t\t\t\t\t\t\t\t<img decoding=\"async\" width=\"927\" height=\"1024\" src=\"http:\/\/tiappsolutions.com\/wp-content\/uploads\/2023\/08\/IMG_20181214_124750425-scaled-e1693005564347-927x1024.jpg\" alt=\"\" loading=\"lazy\" \/>\t\t\t\t\t\t\t\t<\/p>\n<h2>I. S. I. Eddiee Even Gonzalez Ramirez<\/h2>\n<p>Socio Fundador<\/p>\n<p>\t\t\t\t\t\t\t\t\tA small river named Duden flows by their place and supplies it with the necessary\t\t\t\t\t\t\t\t<\/p>\n<ul>\n<li><strong>Phone:<\/strong><a href=\"tel:+1 (859) 254-6589\">+1 (859) 254-6589<\/a><\/li>\n<li><strong>Email:<\/strong><a href=\"mailto:info@example.com\">info@example.com<\/a><\/li>\n<\/ul>\n","protected":false},"excerpt":{"rendered":"<p>Nosotros Somos una empresa mexicana, con amplia experiencia implantando soluciones de tecnolog\u00eda, comprometida en proveer soluciones que apoyen a solventar las problem\u00e1ticas que enfrentan las organizaciones Objetivo Compartir con nuestros clientes los conocimientos y habilidades que permitan tener un proceso de crecimiento y mejora continua en todo el ciclo de vida de desarrollo de software &hellip;<\/p>\n<p class=\"read-more\"> <a class=\"\" href=\"https:\/\/tiappsolutions.com\/index.php\/about\/\"> <span class=\"screen-reader-text\">About<\/span> Read More &raquo;<\/a><\/p>\n","protected":false},"author":1,"featured_media":0,"parent":0,"menu_order":0,"comment_status":"closed","ping_status":"closed","template":"","meta":{"_eb_attr":"","_uag_custom_page_level_css":"","site-sidebar-layout":"no-sidebar","site-content-layout":"page-builder","ast-global-header-display":"","ast-main-header-display":"","ast-hfb-above-header-display":"","ast-hfb-below-header-display":"","ast-hfb-mobile-header-display":"","site-post-title":"disabled","ast-breadcrumbs-content":"","ast-featured-img":"disabled","footer-sml-layout":"","theme-transparent-header-meta":"enabled","adv-header-id-meta":"","stick-header-meta":"","header-above-stick-meta":"","header-main-stick-meta":"","header-below-stick-meta":"","footnotes":""},"class_list":["post-113","page","type-page","status-publish","hentry"],"uagb_featured_image_src":{"full":false,"thumbnail":false,"medium":false,"medium_large":false,"large":false,"1536x1536":false,"2048x2048":false,"slider-bg":false,"card-grid":false,"card-list":false},"uagb_author_info":{"display_name":"admin","author_link":"https:\/\/tiappsolutions.com\/index.php\/author\/admin\/"},"uagb_comment_info":0,"uagb_excerpt":"Nosotros Somos una empresa mexicana, con amplia experiencia implantando soluciones de tecnolog\u00eda, comprometida en proveer soluciones que apoyen a solventar las problem\u00e1ticas que enfrentan las organizaciones Objetivo Compartir con nuestros clientes los conocimientos y habilidades que permitan tener un proceso de crecimiento y mejora continua en todo el ciclo de vida de desarrollo de software&hellip;","rttpg_featured_image_url":null,"rttpg_author":{"display_name":"admin","author_link":"https:\/\/tiappsolutions.com\/index.php\/author\/admin\/"},"rttpg_comment":0,"rttpg_category":null,"rttpg_excerpt":"Nosotros Somos una empresa mexicana, con amplia experiencia implantando soluciones de tecnolog\u00eda, comprometida en proveer soluciones que apoyen a solventar las problem\u00e1ticas que enfrentan las organizaciones Objetivo Compartir con nuestros clientes los conocimientos y habilidades que permitan tener un proceso de crecimiento y mejora continua en todo el ciclo de vida de desarrollo de software&hellip;","_links":{"self":[{"href":"https:\/\/tiappsolutions.com\/index.php\/wp-json\/wp\/v2\/pages\/113","targetHints":{"allow":["GET"]}}],"collection":[{"href":"https:\/\/tiappsolutions.com\/index.php\/wp-json\/wp\/v2\/pages"}],"about":[{"href":"https:\/\/tiappsolutions.com\/index.php\/wp-json\/wp\/v2\/types\/page"}],"author":[{"embeddable":true,"href":"https:\/\/tiappsolutions.com\/index.php\/wp-json\/wp\/v2\/users\/1"}],"replies":[{"embeddable":true,"href":"https:\/\/tiappsolutions.com\/index.php\/wp-json\/wp\/v2\/comments?post=113"}],"version-history":[{"count":16,"href":"https:\/\/tiappsolutions.com\/index.php\/wp-json\/wp\/v2\/pages\/113\/revisions"}],"predecessor-version":[{"id":1090,"href":"https:\/\/tiappsolutions.com\/index.php\/wp-json\/wp\/v2\/pages\/113\/revisions\/1090"}],"wp:attachment":[{"href":"https:\/\/tiappsolutions.com\/index.php\/wp-json\/wp\/v2\/media?parent=113"}],"curies":[{"name":"wp","href":"https:\/\/api.w.org\/{rel}","templated":true}]}}